{"id":2,"date":"2011-02-17T08:04:50","date_gmt":"2011-02-17T08:04:50","guid":{"rendered":"http:\/\/www.steinhau.com\/quartierlatin-berlin\/wordpress\/?page_id=2"},"modified":"2019-08-23T13:55:18","modified_gmt":"2019-08-23T13:55:18","slug":"das-buch","status":"publish","type":"page","link":"https:\/\/www.steinhau.com\/quartierlatin-berlin\/wordpress\/das-buch\/","title":{"rendered":"Das Buch"},"content":{"rendered":"<h3>Fotos, Faksimiles, Erz\u00e4hlungen, Erinnerungen:<\/h3>\n<h3>Das Buch l\u00e4sst die zwei Jahrzehnte w\u00e4hrende Geschichte des Quartier Latin wieder aufleben<\/h3>\n<p><img loading=\"lazy\" decoding=\"async\" data-attachment-id=\"227\" data-permalink=\"https:\/\/www.steinhau.com\/quartierlatin-berlin\/wordpress\/das-buch\/quartier-latin-berlins-legendaerer-musikladen-1970-1989_cover_mini\/\" data-orig-file=\"https:\/\/www.steinhau.com\/quartierlatin-berlin\/wordpress\/wp-content\/uploads\/2018\/08\/Quartier-Latin-Berlins-legend\u00e4rer-Musikladen-1970-1989_Cover_mini.jpg\" data-orig-size=\"396,500\" data-comments-opened=\"1\" data-image-meta=\"{&quot;aperture&quot;:&quot;0&quot;,&quot;credit&quot;:&quot;&quot;,&quot;camera&quot;:&quot;&quot;,&quot;caption&quot;:&quot;&quot;,&quot;created_timestamp&quot;:&quot;0&quot;,&quot;copyright&quot;:&quot;&quot;,&quot;focal_length&quot;:&quot;0&quot;,&quot;iso&quot;:&quot;0&quot;,&quot;shutter_speed&quot;:&quot;0&quot;,&quot;title&quot;:&quot;&quot;,&quot;orientation&quot;:&quot;1&quot;}\" data-image-title=\"Quartier Latin &amp;#8211; Berlins legend\u00e4rer Musikladen 1970-1989_Cover_mini\" data-image-description=\"\" data-image-caption=\"\" data-medium-file=\"https:\/\/www.steinhau.com\/quartierlatin-berlin\/wordpress\/wp-content\/uploads\/2018\/08\/Quartier-Latin-Berlins-legend\u00e4rer-Musikladen-1970-1989_Cover_mini-238x300.jpg\" data-large-file=\"https:\/\/www.steinhau.com\/quartierlatin-berlin\/wordpress\/wp-content\/uploads\/2018\/08\/Quartier-Latin-Berlins-legend\u00e4rer-Musikladen-1970-1989_Cover_mini.jpg\" class=\"alignleft wp-image-227 size-medium\" src=\"http:\/\/www.steinhau.com\/quartierlatin-berlin\/wordpress\/wp-content\/uploads\/2018\/08\/Quartier-Latin-Berlins-legend\u00e4rer-Musikladen-1970-1989_Cover_mini-238x300.jpg\" alt=\"\" width=\"238\" height=\"300\" srcset=\"https:\/\/www.steinhau.com\/quartierlatin-berlin\/wordpress\/wp-content\/uploads\/2018\/08\/Quartier-Latin-Berlins-legend\u00e4rer-Musikladen-1970-1989_Cover_mini-238x300.jpg 238w, https:\/\/www.steinhau.com\/quartierlatin-berlin\/wordpress\/wp-content\/uploads\/2018\/08\/Quartier-Latin-Berlins-legend\u00e4rer-Musikladen-1970-1989_Cover_mini.jpg 396w\" sizes=\"auto, (max-width: 238px) 100vw, 238px\" \/>Auf 368 Seiten bebildert, illustriert und erz\u00e4hlt es die Geschichte eines\u00a0einmaligen Kulturorts. Es zeigt\u00a0B\u00fchnenperformances und Veranstaltungsort-Alltag in hervorragenden Fotos, es dokumentiert Konzert-Kultur in faksimilierten Original-Postern, -Plakaten und -Eintrittskarten. Es\u00a0l\u00e4sst Programmmacher, Beteiligte, K\u00fcnstler und Besucher zu Wort kommen, die sich anekdotisch und vielf\u00e4ltig an diesen in vielerlei Hinsicht einmaligen Ort der Westberliner (Musik-)Geschichte erinnern.\u00a0<strong style=\"font-style: italic;\">Update [21.3.2019]:<\/strong><i>\u00a0Heute traf die Lieferung der zweiten Auflage unseres Buchs ein, es ist also wieder verf\u00fcgbar! Nachdem es bereits Ende 2018 vergriffen war, gab es zahlreiche\u00a0Vorbestellungen Nachfragen, sodass der L+H-Verlag Anfang M\u00e4rz 2019 die zweite Auflage in Druck gab.<\/i><\/p>\n<p><strong><span style=\"text-decoration: underline;\">Bestelldaten:<\/span><\/strong><\/p>\n<p>Marco Sa\u00df, Henry Steinhau.<\/p>\n<p>Quartier Latin \u2013 Berlins legend\u00e4rer Musikladen 1970-1989<\/p>\n<p>Gebundene Ausgabe, 368 Seiten, L+H Verlag Berlin, 50 Euro.<\/p>\n<p><a href=\"https:\/\/www.lh-verlag-shop.com\/epages\/81128756.sf\/de_DE\/?ObjectPath=\/Shops\/81128756\/Products\/9783939629573\">ISBN-13: 978-3939629573<\/a><\/p>\n<h4>Anspruchsvoller Fotoband<\/h4>\n<p>Das Buch h\u00e4lt die wichtigsten Gigs und bedeutendsten K\u00fcnstler in klassischer, schwarz-weisser Konzertfotografie fest: Von <i>Nena<\/i> bis <i>Wolfgang<\/i> <i>Niedecken<\/i>, von <i>Champion<\/i> <i>Jack<\/i> <i>Dupree<\/i> bis zu <i>Sun<\/i> <i>Ra<\/i>. Die Fotos lassen die besondere N\u00e4he sp\u00fcren, aus der sie entstanden: Der Fotograf, <b>Marco Sa\u00df<\/b>, war als Sohn des P\u00e4chter-Ehepaars <i>Sa\u00df<\/i> im <b>Quartier Latin<\/b> \u201ezu Hause\u201c \u2013 und fand so f\u00fcr seine Liebe zur Musik und sein fotografisches K\u00f6nnen ein ideales Terrain. Es wurden Bilder von hoher Intensit\u00e4t und mit Motiven abseits der Shows, die kein anderer so festhalten konnte: mal vor dem Konzert, mal hinter der B\u00fchne, mal neben dem Tresen \u2013 aber immer aus dem wahren Leben.<\/p>\n<h4>Illustrierte Dokumentation<\/h4>\n<p>Faksimilierte Plakate, Eintrittskarten, Autogramme, Programmhefte und andere \u201eOriginalien\u201c veranschaulichen nicht nur das Wachsen und Werden des <b>Quartier Latin<\/b> von der urigen Studentenkneipe zum renommierten Musikladen. Sie zeugen auf ihre Weise von 20 Jahren Kulturgeschichte, in der sich das Veranstalten livehaftiger Jazz- und Rock-Konzerte stark ver\u00e4nderte: aus leidenschaftlich-autodidaktisch unternommenen Versuchen, Kunst und Kommerz zu vers\u00f6hnen, erwuchs nach und nach ein professionell-betriebswirtschaftlich organisiertes Gesch\u00e4ft. In der akribisch recherchierten <i>Konzertografie<\/i> schlie\u00dflich bietet das Buch einen \u00dcberblick zu 20 Jahren B\u00fchnengeschehen im <b>Quartier Latin<\/b> \u2013 und zugleich eine Chronik der Rock- und Jazzgeschichte.<\/p>\n<h4>Unterhaltsame Erz\u00e4hlung<\/h4>\n<p>Zahlreiche Beteiligte kommen zu Wort, und spiegeln das <b>Quartier Latin<\/b> als Ort \u201eihrer\u201c Geschichte wider. Musiker, K\u00fcnstler, Programmmacher, Veranstalter, Mitarbeiter und st\u00e4ndige Besucher.\u00a0 Wie unter vielen anderen <i>Arnulf<\/i> <i>Rating<\/i>, <i>Herbert<\/i> <i>Gr\u00f6nemeyer<\/i>, <i>Manfred<\/i> <i>Maurenbrecher<\/i> oder <i>Norbert<\/i> <i>H\u00e4hnel<\/i> (<i>Der<\/i> <i>wahre<\/i> <i>Heino<\/i>), HP Daniels (Escalatorz), Heiner Pudelko (Interzone; \u2020), und viele, viele andere. Geschichten von vermeintlichen Bombendrohungen und improvisierten Rock-Spektakeln, von Weltstar-Geburten und Streikversammlungen, von Politrock-Happenings und Klassik-Rock-Begegnungen. Auch sie setzen das Bild des <b>Quartier Latin<\/b> zusammen: Das Bild eines Familienbetriebes, dauerhaft in Existenzn\u00f6ten, aber mit dem Herzen auf Seiten der K\u00fcnstler und der Menschen; eines Musikladens, der wie kaum ein zweiter zu seiner Zeit passte \u2013 und den genau diese Zeit schlie\u00dflich \u00fcberholte.<\/p>\n<p>Erz\u00e4hlerisch zusammen h\u00e4lt dies <b>Henry Steinhau<\/b>. T\u00e4tig als Musikjournalist und Kulturredakteur, z\u00e4hlte das <b>Quartier Latin<\/b> in den 80er Jahren und im Laufe von wohl \u00fcber 100 dort erlebten Konzerten zu seiner h\u00e4ufigsten Wirkungsst\u00e4tte. Mit unverkrampftem, augenzwinkerndem Stil f\u00fchrt er durch Geschichten und Geschichte, Erz\u00e4hlungen und Stories, verbindet Erlebnisse und Erkenntnisse.<\/p>\n<p><b><\/b><strong>Das Buch ist ein vereinnahmendes Werk mit Sympathie f\u00fcr seinen Gegenstand.\u00a0Fotografien, Dokumentation und Texte leisten die Ann\u00e4herung an eine Legende und den Einblick in ein Zeitgef\u00fchl.<\/strong><\/p>\n<p>Erschienen beim <a href=\"http:\/\/www.lh-verlag.com\/index.php?option=com_books&amp;view=bereichbook&amp;Itemid=55&amp;id=76&amp;region=1&amp;bereich=4\">L+H Verlag, Berlin<\/a><\/p>\n","protected":false},"excerpt":{"rendered":"<p>Fotos, Faksimiles, Erz\u00e4hlungen, Erinnerungen: Das Buch l\u00e4sst die zwei Jahrzehnte w\u00e4hrende Geschichte des Quartier Latin wieder aufleben Auf 368 Seiten<\/p>\n","protected":false},"author":1,"featured_media":0,"parent":0,"menu_order":0,"comment_status":"open","ping_status":"open","template":"","meta":{"jetpack_post_was_ever_published":false,"footnotes":""},"class_list":["post-2","page","type-page","status-publish","hentry"],"jetpack_sharing_enabled":true,"jetpack_shortlink":"https:\/\/wp.me\/P9SoaN-2","jetpack-related-posts":[],"jetpack_likes_enabled":true,"_links":{"self":[{"href":"https:\/\/www.steinhau.com\/quartierlatin-berlin\/wordpress\/wp-json\/wp\/v2\/pages\/2","targetHints":{"allow":["GET"]}}],"collection":[{"href":"https:\/\/www.steinhau.com\/quartierlatin-berlin\/wordpress\/wp-json\/wp\/v2\/pages"}],"about":[{"href":"https:\/\/www.steinhau.com\/quartierlatin-berlin\/wordpress\/wp-json\/wp\/v2\/types\/page"}],"author":[{"embeddable":true,"href":"https:\/\/www.steinhau.com\/quartierlatin-berlin\/wordpress\/wp-json\/wp\/v2\/users\/1"}],"replies":[{"embeddable":true,"href":"https:\/\/www.steinhau.com\/quartierlatin-berlin\/wordpress\/wp-json\/wp\/v2\/comments?post=2"}],"version-history":[{"count":24,"href":"https:\/\/www.steinhau.com\/quartierlatin-berlin\/wordpress\/wp-json\/wp\/v2\/pages\/2\/revisions"}],"predecessor-version":[{"id":761,"href":"https:\/\/www.steinhau.com\/quartierlatin-berlin\/wordpress\/wp-json\/wp\/v2\/pages\/2\/revisions\/761"}],"wp:attachment":[{"href":"https:\/\/www.steinhau.com\/quartierlatin-berlin\/wordpress\/wp-json\/wp\/v2\/media?parent=2"}],"curies":[{"name":"wp","href":"https:\/\/api.w.org\/{rel}","templated":true}]}}